ulate the highest common divisor of u and g.
5
Suppose -942*v + 944*v - 4 = 0. What is the highest common divisor of 18 and v?
2
Let b(a) = -a**3 + 15*a**2 - 6*a + 86. Let u be b(14). Let m(j) = -j + 18. Let x be m(0). What is the greatest common divisor of x and u?
18
Let q(o) = o**3 + 4*o**2 - o + 3. Let b be q(-4). Suppose b*i - 10*i = -3. Calculate the greatest common divisor of 8 and i.
1
Let b(x) = -x**3 - 8*x**2 + 3*x - 11. Let i be b(-9). Let y be i/((-1)/(-2)*-2). Let r = -13 - y. Calculate the greatest common divisor of 10 and r.
10
Suppose 0 = -3*b - u + 20, -4*b = -u - 3*u. Suppose -5*f + 55 = -b*m, -5*f + 6*m + 53 = 2*m. Calculate the highest common factor of 99 and f.
9
Suppose 0 = -37*i + 1884 + 632. What is the highest common factor of i and 119?
17
Suppose -2*k - 240 = -6*k. Let q be (3 + 4)*(1 - -5). Let f be q/(-9)*18/(-7). Calculate the greatest common divisor of f and k.
12
Let u = 63 - -3. Let q(d) = -d**2 + 42*d - 20. Let n be q(37). What is the greatest common divisor of n and u?
33
Let q = 216 + -159. Calculate the highest common factor of q and 513.
57
Suppose -34*c + 37*c + 3*l = 285, 2*l - 460 = -5*c. Calculate the highest common divisor of c and 165.
15
Let d = -4 - -9. Suppose c - 2 = -32*c + 31. Calculate the greatest common divisor of c and d.
1
Suppose -n = -4*n, 0 = 2*c + 5*n - 40. Suppose c*s - 22*s = -96. Calculate the highest common factor of 72 and s.
24
Suppose 4*a = -t + 335, 2*a = 18*t - 14*t - 1340. Calculate the greatest common factor of 20 and t.
5
Suppose -k + 6 = -6. Let r be 1/11 + (-1846)/(-22). What is the highest common factor of k and r?
12
Suppose -s + n - 3*n = -14, 2*n - 32 = -4*s. Let y(l) = -29*l - 9. Let t be y(-3). What is the highest common divisor of t and s?
6
Suppose 0 = 18*v + 70 - 232. What is the greatest common divisor of 315 and v?
9
Let g be 1 - (-11)/((-33)/(-630)). Suppose 5*n = -4*j + g, 9*j - 5*n = 4*j + 320. Let u = j + -27. Calculate the highest common factor of u and 8.
8
Let w = 30 - 26. Let b(d) = d**2 + 2*d. Let x be b(-2). Suppose w*q - 360 = -x*q. What is the highest common factor of 10 and q?
10
Suppose 33 - 185 = -2*w. Let c = 16 - w. Let z be ((-7)/(-14))/((-1)/c). What is the greatest common factor of z and 150?
30
Suppose 0 = 31*v - 419 + 47. What is the highest common factor of 4 and v?
4
Suppose 5*y = 5*p - 4*p + 702, 0 = 5*y + p - 698. Calculate the greatest common factor of 180 and y.
20
Suppose -115*o - 340 = -149*o. Calculate the highest common factor of o and 20.
10
Suppose -3*c - 48 = -4*n, 2*n + 0*c - 5*c = 38. Let g be (8 + -4 - -3)*n. Calculate the highest common divisor of 7 and g.
7
Let m = -16 + 11. Let z(t) = t**2 + 2*t + 16. Let x be z(m). Calculate the greatest common divisor of 341 and x.
31
Suppose 35*w = 34*w + 5*o + 23, -21 = -w + 3*o. What is the highest common factor of 405 and w?
9
Let b = 3 + 5. Let a = -6 + b. Suppose -3*l + a*c = l - 80, -34 = -l + 4*c. What is the greatest common factor of 144 and l?
18
Suppose -3*f + 172 = 5*b - 4*f, -4*f = 4*b - 128. Let y = 17 - 17. Suppose 37 = q + 5*r, -q + 3*r + 1 + 4 = y. Calculate the highest common factor of q and b.
17
Suppose 2*g - 7 - 1 = 0. Suppose -6*s = -g*s - 60. Let p(b) = b**2 + 15. Let i be p(0). What is the greatest common divisor of i and s?
15
Let w(x) = x**2 - 2*x - 8. Let j be w(6). Let p(r) = 2*r**2 - 35*r + 151. Let d be p(7). What is the highest common divisor of d and j?
4
Suppose -2*q = -5*q + 4*r + 8, 0 = 2*q - 2*r - 6. Suppose q*v - 53 = -v + 2*n, 0 = v - n - 13. Let t = v + 8. Calculate the highest common divisor of 68 and t.
17
Suppose 0 = -c + 7 + 16. Suppose 2*g = -0*g + 6. Suppose 468 = g*i - 15. Calculate the highest common factor of c and i.
23
Let k be 153/(-21) - (-8)/28. Let t be (-2 - 2)/(k/28). What is the greatest common divisor of 144 and t?
16
Let n be 17 + (-2 - 1*-2). Let s = 308 - 172. What is the highest common divisor of n and s?
17
Suppose 0 = s + s - 138. Let x be 70/(s/9 - 3 - 4). What is the greatest common factor of x and 15?
15
Let t = -52 - -63. Let h(d) = -d - 4. Let m be h(-6). Let w be m/(-8) - (-495)/44. Calculate the greatest common divisor of w and t.
11
Let m = -20 - -16. Let f be 54*m/(-48)*4. What is the highest common factor of f and 162?
18
Let x(i) = -4*i - 11. Let n(k) = -4*k + 6. Let v be n(3). Let o be x(v). Let a = -32 - -136. Calculate the highest common factor of a and o.
13
Let u = -83 - -85. Let p = 2 + u. Calculate the greatest common factor of 4 and p.
4
Let k = -1125 - -1131. Calculate the highest common factor of 63 and k.
3
Suppose y + 76 = 5*y. Let m(r) = 152*r**3 + r - 1. Let t = 8 - 7. Let l be m(t). What is the greatest common factor of y and l?
19
Let u(b) = -b + 26. Let a be u(14). Let f = -8 + a. Suppose 5*y = -20, -f*y - 116 = -4*q + y. What is the highest common divisor of q and 120?
24
Let d = -4 - 1. Let l be d/(-20) - 1/4. Suppose -3*m = -2*a - 15, 5*m - 4*a = -l*a + 25. What is the greatest common divisor of m and 1?
1
Suppose 4*y + 4*o - 652 = 0, o = 3*y - 2*o - 519. Let g(l) = 3*l - 3. Let h be g(3). Let u be -48*3/h*-1. What is the greatest common factor of y and u?
24
Let q be 1237/4 - (-45)/288*-8. What is the greatest common divisor of 22 and q?
22
Let r(i) = -i**2 + i + 138. Let g be r(-9). Let x be (2/(-3))/(2/(-36)). What is the greatest common divisor of x and g?
12
Let m be 12/((-19)/7 + 3). What is the greatest common factor of 105 and m?
21
Let n = 596 + -470. What is the greatest common factor of n and 27?
9
Let c(f) = f**3 - 6*f**2 - 28*f + 45. Let m be c(10). What is the highest common divisor of m and 22?
11
Let b = 3 - -11. Suppose -613 = -4*v - 3*c, 653 + 115 = 5*v + 2*c. What is the greatest common divisor of v and b?
14
Let n = 897 + -855. Calculate the highest common divisor of n and 14.
14
Suppose 9*n - 13*n - 5*i = 9, 2*n - 5*i = 33. Calculate the highest common factor of 172 and n.
4
Let r be (-587)/(-9) - (-4)/(-18). Let v(c) = 6*c + 9. Let s be v(8). Suppose 2*j + 5 - s = 0. What is the greatest common divisor of j and r?
13
Let o = -1643 - -1692. What is the greatest common factor of 49 and o?
49
Suppose -7*h = -4 - 17. Suppose -h*i + 5 = -73. Calculate the highest common divisor of 26 and i.
26
Let o(b) = -b**3 + 8*b**2 - 6*b + 6. Let l be o(2). Calculate the greatest common factor of 15 and l.
3
Let j = -655 - -673. What is the greatest common divisor of 513 and j?
9
Suppose -d - r + 2903 = 0, -4*d + 11618 = -10*r + 16*r. Calculate the highest common factor of d and 116.
116
Suppose 0 = 4*v - 8, -61 - 67 = -3*y - 4*v. Let b be ((-59724)/144)/(-79) + 1 + 10/(-8). What is the greatest common divisor of y and b?
5
Suppose -3*y + 255 = 213. Suppose -4*u + 62 = -j + 232, -5*u = 3*j - 442. Calculate the greatest common divisor of j and y.
14
Suppose 22*p - 40 = 12*p. Suppose j + 3*f + p = 18, -f = -4*j + 4. Calculate the greatest common factor of j and 16.
2
Let w be 19 + (1188/486 - (-4)/(-9)). Let d(x) = -x + x**3 - 12 + 8 - x**2 + 8*x**2. Let s be d(-7). What is the highest common factor of w and s?
3
Let k = -325 + 333. Calculate the highest common divisor of 22 and k.
2
Suppose 6 = -3*j - 12. Let k be 40/j*12/(-8). Calculate the highest common divisor of k and 2.
2
Suppose -7*t = -4*t + 5*y - 116, 202 = 5*t + 4*y. Let o = -6 - -20. Calculate the greatest common factor of o and t.
14
Let q = 28 - 23. Suppose q*r - 528 = 2*r. Calculate the greatest common factor of 22 and r.
22
Let z = 19 - 16. Suppose -z*c = 5*u - 282, 0 = -4*c + 2*u + 531 - 129. What is the highest common factor of 9 and c?
9
Let c be (-2)/(-5)*(59 - -1). Suppose -3*a - 55 = 2*b + 23, b + 5*a = -39. Let y = 57 - b. What is the greatest common factor of c and y?
24
Let f(h) = 436*h**2 + h - 8. Let t be f(1). Calculate the highest common divisor of 44 and t.
11
Suppose -8*u = -3*g - 12*u + 1778, -4*g = u - 2388. Calculate the highest common divisor of 26 and g.
26
Suppose 7*z = 10*z + 12. Let x be (-3357)/(-15) + z + (-42)/(-10). What is the highest common divisor of x and 14?
14
Let r be 8 - 20/(4 - 0). What is the highest common factor of 27 and r?
3
Let u(x) = x**2 + x + 12. Let q be u(0). Let m(r) = 4*r**2 - 11*r - 21. Let z be m(-3). Calculate the greatest common divisor of z and q.
12
Suppose 7*r + 35